{"id":3036,"date":"2024-08-28T21:41:25","date_gmt":"2024-08-28T21:41:25","guid":{"rendered":"https:\/\/alborada.online\/w3\/?page_id=3036"},"modified":"2024-08-29T03:01:13","modified_gmt":"2024-08-29T03:01:13","slug":"resena-historica","status":"publish","type":"page","link":"https:\/\/alborada.online\/w3\/resena-historica\/","title":{"rendered":"Rese\u00f1a Hist\u00f3rica"},"content":{"rendered":"<div data-colibri-id=\"3036-c1\" class=\"style-2221 style-local-3036-c1 position-relative\">\n  <!---->\n  <div data-colibri-component=\"section\" data-colibri-id=\"3036-c2\" id=\"f-a-q\" class=\"h-section h-section-global-spacing d-flex align-items-lg-center align-items-md-center align-items-center style-2264 style-local-3036-c2 position-relative\">\n    <!---->\n    <!---->\n    <div class=\"h-section-grid-container h-section-boxed-container\">\n      <!---->\n      <div data-colibri-id=\"3036-c3\" class=\"h-row-container gutters-row-lg-2 gutters-row-md-2 gutters-row-2 gutters-row-v-lg-2 gutters-row-v-md-2 gutters-row-v-2 style-2265 style-local-3036-c3 position-relative\">\n        <!---->\n        <div class=\"h-row justify-content-lg-center justify-content-md-center justify-content-center align-items-lg-stretch align-items-md-stretch align-items-stretch gutters-col-lg-2 gutters-col-md-2 gutters-col-2 gutters-col-v-lg-2 gutters-col-v-md-2 gutters-col-v-2\">\n          <!---->\n          <div class=\"h-column h-column-container d-flex h-col-lg-auto h-col-md-auto h-col-auto style-2266-outer style-local-3036-c4-outer\">\n            <div data-colibri-id=\"3036-c4\" class=\"d-flex h-flex-basis h-column__inner h-px-lg-2 h-px-md-2 h-px-2 v-inner-lg-2 v-inner-md-2 v-inner-2 style-2266 style-local-3036-c4 position-relative\">\n              <!---->\n              <!---->\n              <div class=\"w-100 h-y-container h-column__content h-column__v-align flex-basis-100 align-self-lg-start align-self-md-start align-self-start\">\n                <!---->\n                <div data-colibri-id=\"3036-c5\" class=\"h-global-transition-all h-heading style-2267 style-local-3036-c5 position-relative h-element\">\n                  <!---->\n                  <div class=\"h-heading__outer style-2267 style-local-3036-c5\">\n                    <!---->\n                    <!---->\n                    <h4 class=\"\">Rese\u00f1a hist\u00f3rica colegio alborada<\/h4>\n                  <\/div>\n                <\/div>\n                <div data-colibri-id=\"3036-c6\" class=\"d-block style-2268 style-local-3036-c6 position-relative h-element\">\n                  <!---->\n                  <div class=\"h-image__frame-container-outer\">\n                    <div class=\"h-image__frame-container\">\n                      <!---->\n                      <!---->\n                      <img loading=\"lazy\" decoding=\"async\" width=\"600\" height=\"600\" src=\"https:\/\/alborada.online\/w3\/wp-content\/uploads\/2024\/08\/base_logo_v2_600x600.png\" class=\"wp-image-3039 style-2268-image style-local-3036-c6-image\" alt=\"\" srcset=\"https:\/\/alborada.online\/w3\/wp-content\/uploads\/2024\/08\/base_logo_v2_600x600.png 600w, https:\/\/alborada.online\/w3\/wp-content\/uploads\/2024\/08\/base_logo_v2_600x600-300x300.png 300w, https:\/\/alborada.online\/w3\/wp-content\/uploads\/2024\/08\/base_logo_v2_600x600-150x150.png 150w\" sizes=\"auto, (max-width: 600px) 100vw, 600px\" \/>\n                      <div class=\"h-image__frame h-hide-lg h-hide-md h-hide-sm style-2268-frameImage style-local-3036-c6-frameImage\"><\/div>\n                    <\/div>\n                  <\/div>\n                <\/div>\n              <\/div>\n            <\/div>\n          <\/div>\n          <div class=\"h-column h-column-container d-flex h-col-lg-auto h-col-md-auto h-col-auto style-2269-outer style-local-3036-c7-outer\">\n            <div data-colibri-id=\"3036-c7\" class=\"d-flex h-flex-basis h-column__inner h-px-lg-2 h-px-md-2 h-px-2 v-inner-lg-2 v-inner-md-2 v-inner-2 style-2269 style-local-3036-c7 position-relative\">\n              <!---->\n              <!---->\n              <div class=\"w-100 h-y-container h-column__content h-column__v-align flex-basis-100 align-self-lg-start align-self-md-start align-self-start\">\n                <!---->\n                <div data-colibri-id=\"3036-c8\" class=\"h-text h-text-component style-2280 style-local-3036-c8 position-relative h-element\">\n                  <!---->\n                  <!---->\n                  <div class=\"\">\n                    <p><span style=\"color: rgb(150, 44, 69); font-weight: 600;\">El a\u00f1o 1995 surge en la comuna de Linares el Colegio Alborada, cuyos sostenedores son H\u00e9ctor Eduardo \u00c1lvarez Gallego, empresario agr\u00edcola y Carlos Morales Valenzuela, abogado. Su principal objetivo fue entregar a la comunidad una instituci\u00f3n educacional que cumpliera con formar alumnos con un alto nivel de excelencia acad\u00e9mica y firmes valores morales.<\/span><\/p>\n                    <p><span style=\"color: rgb(150, 44, 69); font-weight: 600;\">El funcionamiento del Colegio fue autorizado oficialmente por el Ministerio de Educaci\u00f3n mediante la Resoluci\u00f3n Exenta N\u00ba 1126 de 1995. En sus inicios se contaba con los niveles de pre-b\u00e1sica hasta 4 \u00b0 a\u00f1o b\u00e1sico, siendo cursos que no sobrepasaban los 12 alumnos (as) . Actualmente existe el nivel pre-b\u00e1sico compuesto por Medio Menor, Grupo de juego, Prekinder A, Prekinder B y Kinder; ciclo de ense\u00f1anza b\u00e1sica, desde primero b\u00e1sico a sexto b\u00e1sico y ense\u00f1anza media, desde s\u00e9ptimo b\u00e1sico a cuarto medio. Cursos que oscilan hasta 36 alumnos, siendo el m\u00e1ximo permitido por la instituci\u00f3n.<\/span><\/p>\n                    <p><span style=\"color: rgb(150, 44, 69); font-weight: 600;\">El a\u00f1o 2002 el Colegio Alborada entreg\u00f3 la primera generaci\u00f3n de j\u00f3venes egresados \u200b\u200bde cuarto medio, quienes fueron los primeros en concretar el sue\u00f1o de entregar a la comunidad personas que tuvieran firmes ideales. Cada a\u00f1o, se trabaja arduamente con el objetivo de educar a personas en los principios morales cristianos, actitudes de emprendimiento y liderazgo, con las herramientas necesarias para enfrentar los desaf\u00edos del mundo actual, enfoc\u00e1ndonos en la mejora continua y convertirnos en una instituci\u00f3n de excelencia en las diversas \u00e1reas, acompa\u00f1ando a los ni\u00f1os y ni\u00f1as siendo para ellos m\u00e1s que un colegio una familia.<\/span><\/p>\n                    <p><span style=\"color: rgb(150, 44, 69); font-weight: 600;\">Ana Alicia Orrego<\/span><\/p>\n                    <p><span style=\"color: rgb(150, 44, 69); font-weight: 600;\">Directora<\/span><\/p>\n                    <p>\n                      <br>\n                    <\/p>\n                  <\/div>\n                <\/div>\n                <div data-colibri-id=\"3036-c9\" class=\"style-2270 style-local-3036-c9 h-hide-sm position-relative h-element\">\n                  <!---->\n                <\/div>\n              <\/div>\n            <\/div>\n          <\/div>\n        <\/div>\n      <\/div>\n    <\/div>\n  <\/div>\n<\/div>","protected":false},"excerpt":{"rendered":"<p>Rese\u00f1a hist\u00f3rica colegio alborada El a\u00f1o 1995 surge en la comuna de Linares el Colegio Alborada, cuyos sostenedores son H\u00e9ctor Eduardo \u00c1lvarez Gallego, empresario agr\u00edcola y Carlos Morales Valenzuela, abogado. Su principal objetivo fue entregar a la comunidad una instituci\u00f3n educacional que cumpliera con formar alumnos con un alto nivel de excelencia acad\u00e9mica y firmes [&hellip;]<\/p>\n","protected":false},"author":2,"featured_media":0,"parent":0,"menu_order":0,"comment_status":"closed","ping_status":"closed","template":"page-templates\/full-width-page.php","meta":{"_acf_changed":false,"footnotes":""},"class_list":["post-3036","page","type-page","status-publish","hentry"],"acf":[],"aioseo_notices":[],"_links":{"self":[{"href":"https:\/\/alborada.online\/w3\/wp-json\/wp\/v2\/pages\/3036","targetHints":{"allow":["GET"]}}],"collection":[{"href":"https:\/\/alborada.online\/w3\/wp-json\/wp\/v2\/pages"}],"about":[{"href":"https:\/\/alborada.online\/w3\/wp-json\/wp\/v2\/types\/page"}],"author":[{"embeddable":true,"href":"https:\/\/alborada.online\/w3\/wp-json\/wp\/v2\/users\/2"}],"replies":[{"embeddable":true,"href":"https:\/\/alborada.online\/w3\/wp-json\/wp\/v2\/comments?post=3036"}],"version-history":[{"count":7,"href":"https:\/\/alborada.online\/w3\/wp-json\/wp\/v2\/pages\/3036\/revisions"}],"predecessor-version":[{"id":3176,"href":"https:\/\/alborada.online\/w3\/wp-json\/wp\/v2\/pages\/3036\/revisions\/3176"}],"wp:attachment":[{"href":"https:\/\/alborada.online\/w3\/wp-json\/wp\/v2\/media?parent=3036"}],"curies":[{"name":"wp","href":"https:\/\/api.w.org\/{rel}","templated":true}]}}